{"id":95,"date":"2024-10-14T03:25:11","date_gmt":"2024-10-14T01:25:11","guid":{"rendered":"https:\/\/raum-fuer-koerperarbeit.de\/?page_id=95"},"modified":"2025-10-27T14:41:03","modified_gmt":"2025-10-27T13:41:03","slug":"kathrin-livland","status":"publish","type":"page","link":"https:\/\/raum-fuer-koerperarbeit.de\/index.php\/kontakt\/kathrin-livland\/","title":{"rendered":"Kathrin Livland"},"content":{"rendered":"\t\t<div data-elementor-type=\"wp-page\" data-elementor-id=\"95\" class=\"elementor elementor-95\">\n\t\t\t\t<div class=\"elementor-element elementor-element-3ce6327 e-flex e-con-boxed e-con e-parent\" data-id=\"3ce6327\" data-element_type=\"container\" data-e-type=\"container\">\n\t\t\t\t\t<div class=\"e-con-inner\">\n\t\t\t\t<div class=\"elementor-element elementor-element-43669ce elementor-widget elementor-widget-image\" data-id=\"43669ce\" data-element_type=\"widget\" data-e-type=\"widget\" data-widget_type=\"image.default\">\n\t\t\t\t<div class=\"elementor-widget-container\">\n\t\t\t\t\t\t\t\t\t\t\t\t\t\t\t<img fetchpriority=\"high\" decoding=\"async\" width=\"1024\" height=\"264\" src=\"https:\/\/raum-fuer-koerperarbeit.de\/wp-content\/uploads\/2024\/10\/BackgroundAUSSCHNITT-1-1024x264.webp\" class=\"attachment-large size-large wp-image-134\" alt=\"\" srcset=\"https:\/\/raum-fuer-koerperarbeit.de\/wp-content\/uploads\/2024\/10\/BackgroundAUSSCHNITT-1-1024x264.webp 1024w, https:\/\/raum-fuer-koerperarbeit.de\/wp-content\/uploads\/2024\/10\/BackgroundAUSSCHNITT-1-300x77.webp 300w, https:\/\/raum-fuer-koerperarbeit.de\/wp-content\/uploads\/2024\/10\/BackgroundAUSSCHNITT-1-768x198.webp 768w, https:\/\/raum-fuer-koerperarbeit.de\/wp-content\/uploads\/2024\/10\/BackgroundAUSSCHNITT-1-1536x396.webp 1536w, https:\/\/raum-fuer-koerperarbeit.de\/wp-content\/uploads\/2024\/10\/BackgroundAUSSCHNITT-1.webp 1645w\" sizes=\"(max-width: 1024px) 100vw, 1024px\" \/>\t\t\t\t\t\t\t\t\t\t\t\t\t\t\t<\/div>\n\t\t\t\t<\/div>\n\t\t\t\t\t<\/div>\n\t\t\t\t<\/div>\n\t\t<div class=\"elementor-element elementor-element-3b408aa e-grid e-con-full e-con e-parent\" data-id=\"3b408aa\" data-element_type=\"container\" data-e-type=\"container\">\n\t\t\t\t<div class=\"elementor-element elementor-element-fa5c3af elementor-widget elementor-widget-text-editor\" data-id=\"fa5c3af\" data-element_type=\"widget\" data-e-type=\"widget\" data-widget_type=\"text-editor.default\">\n\t\t\t\t<div class=\"elementor-widget-container\">\n\t\t\t\t\t\t\t\t\t<ul><li>S\u00e4ngerin und Gesangsp\u00e4dagogin (2002 Diplom an der Hochschule f\u00fcr Musik &#8218;Hanns Eisler&#8216; Berlin); freiberuflich<\/li><li>2006 &#8211; 2012 Ausbildung und Arbeit in\/mit der Grinberg Methode in Berlin<\/li><li>2012 prozessorientierte K\u00f6rperarbeit\/ K\u00f6rpertherapie<\/li><li>Weiterbildungen in verschiedenen K\u00f6rperarbeitstechniken und Therapieans\u00e4tzen<\/li><li>2013 Heilpraktiker f\u00fcr Psychotherapie in Berlin<\/li><li>2014 Shiatsu (Ausbildung am Europ\u00e4ischen Shiatsu Institut Berlin, ESI)<\/li><li>2016 &#8211; 2020 Lehrerin am ESI Berlin (psychologisches Grundwissen f\u00fcr K\u00f6rperarbeit, ab 2018 Shiatsu)<\/li><li>2017 Baby- und Kindershiatsu (Aceki e.V.)<\/li><li>2022-2023 Heilerausbildung\u00a0<\/li><\/ul>\t\t\t\t\t\t\t\t<\/div>\n\t\t\t\t<\/div>\n\t\t\t\t<div class=\"elementor-element elementor-element-5980778 elementor-widget elementor-widget-image\" data-id=\"5980778\" data-element_type=\"widget\" data-e-type=\"widget\" data-widget_type=\"image.default\">\n\t\t\t\t<div class=\"elementor-widget-container\">\n\t\t\t\t\t\t\t\t\t\t\t\t\t\t\t<img decoding=\"async\" width=\"381\" height=\"310\" src=\"https:\/\/raum-fuer-koerperarbeit.de\/wp-content\/uploads\/2024\/10\/KathrinLivland.webp\" class=\"attachment-large size-large wp-image-96\" alt=\"\" srcset=\"https:\/\/raum-fuer-koerperarbeit.de\/wp-content\/uploads\/2024\/10\/KathrinLivland.webp 381w, https:\/\/raum-fuer-koerperarbeit.de\/wp-content\/uploads\/2024\/10\/KathrinLivland-300x244.webp 300w\" sizes=\"(max-width: 381px) 100vw, 381px\" \/>\t\t\t\t\t\t\t\t\t\t\t\t\t\t\t<\/div>\n\t\t\t\t<\/div>\n\t\t\t\t<\/div>\n\t\t\t\t<\/div>\n\t\t","protected":false},"excerpt":{"rendered":"<p>S\u00e4ngerin und Gesangsp\u00e4dagogin (2002 Diplom an der Hochschule f\u00fcr Musik &#8218;Hanns Eisler&#8216; Berlin); freiberuflich 2006 &#8211; 2012 Ausbildung und Arbeit [&hellip;]<\/p>\n","protected":false},"author":1,"featured_media":0,"parent":93,"menu_order":0,"comment_status":"closed","ping_status":"closed","template":"","meta":{"site-sidebar-layout":"default","site-content-layout":"","ast-site-content-layout":"default","site-content-style":"default","site-sidebar-style":"default","ast-global-header-display":"","ast-banner-title-visibility":"","ast-main-header-display":"","ast-hfb-above-header-display":"","ast-hfb-below-header-display":"","ast-hfb-mobile-header-display":"","site-post-title":"","ast-breadcrumbs-content":"","ast-featured-img":"","footer-sml-layout":"","theme-transparent-header-meta":"","adv-header-id-meta":"","stick-header-meta":"","header-above-stick-meta":"","header-main-stick-meta":"","header-below-stick-meta":"","astra-migrate-meta-layouts":"default","ast-page-background-enabled":"default","ast-page-background-meta":{"desktop":{"background-color":"var(--ast-global-color-4)","background-image":"","background-repeat":"repeat","background-position":"center center","background-size":"auto","background-attachment":"scroll","background-type":"","background-media":"","overlay-type":"","overlay-color":"","overlay-opacity":"","overlay-gradient":""},"tablet":{"background-color":"","background-image":"","background-repeat":"repeat","background-position":"center center","background-size":"auto","background-attachment":"scroll","background-type":"","background-media":"","overlay-type":"","overlay-color":"","overlay-opacity":"","overlay-gradient":""},"mobile":{"background-color":"","background-image":"","background-repeat":"repeat","background-position":"center center","background-size":"auto","background-attachment":"scroll","background-type":"","background-media":"","overlay-type":"","overlay-color":"","overlay-opacity":"","overlay-gradient":""}},"ast-content-background-meta":{"desktop":{"background-color":"var(--ast-global-color-5)","background-image":"","background-repeat":"repeat","background-position":"center center","background-size":"auto","background-attachment":"scroll","background-type":"","background-media":"","overlay-type":"","overlay-color":"","overlay-opacity":"","overlay-gradient":""},"tablet":{"background-color":"var(--ast-global-color-5)","background-image":"","background-repeat":"repeat","background-position":"center center","background-size":"auto","background-attachment":"scroll","background-type":"","background-media":"","overlay-type":"","overlay-color":"","overlay-opacity":"","overlay-gradient":""},"mobile":{"background-color":"var(--ast-global-color-5)","background-image":"","background-repeat":"repeat","background-position":"center center","background-size":"auto","background-attachment":"scroll","background-type":"","background-media":"","overlay-type":"","overlay-color":"","overlay-opacity":"","overlay-gradient":""}},"_kadence_starter_templates_imported_post":false,"footnotes":""},"class_list":["post-95","page","type-page","status-publish","hentry"],"_links":{"self":[{"href":"https:\/\/raum-fuer-koerperarbeit.de\/index.php\/wp-json\/wp\/v2\/pages\/95","targetHints":{"allow":["GET"]}}],"collection":[{"href":"https:\/\/raum-fuer-koerperarbeit.de\/index.php\/wp-json\/wp\/v2\/pages"}],"about":[{"href":"https:\/\/raum-fuer-koerperarbeit.de\/index.php\/wp-json\/wp\/v2\/types\/page"}],"author":[{"embeddable":true,"href":"https:\/\/raum-fuer-koerperarbeit.de\/index.php\/wp-json\/wp\/v2\/users\/1"}],"replies":[{"embeddable":true,"href":"https:\/\/raum-fuer-koerperarbeit.de\/index.php\/wp-json\/wp\/v2\/comments?post=95"}],"version-history":[{"count":28,"href":"https:\/\/raum-fuer-koerperarbeit.de\/index.php\/wp-json\/wp\/v2\/pages\/95\/revisions"}],"predecessor-version":[{"id":570,"href":"https:\/\/raum-fuer-koerperarbeit.de\/index.php\/wp-json\/wp\/v2\/pages\/95\/revisions\/570"}],"up":[{"embeddable":true,"href":"https:\/\/raum-fuer-koerperarbeit.de\/index.php\/wp-json\/wp\/v2\/pages\/93"}],"wp:attachment":[{"href":"https:\/\/raum-fuer-koerperarbeit.de\/index.php\/wp-json\/wp\/v2\/media?parent=95"}],"curies":[{"name":"wp","href":"https:\/\/api.w.org\/{rel}","templated":true}]}}

<div data-elementor-type="wp-page" data-elementor-id="95" class="elementor elementor-95">
				<div class="elementor-element elementor-element-3ce6327 e-flex e-con-boxed e-con e-parent" data-id="3ce6327" data-element_type="container" data-e-type="container">
					<div class="e-con-inner">
				<div class="elementor-element elementor-element-43669ce elementor-widget elementor-widget-image" data-id="43669ce" data-element_type="widget" data-e-type="widget" data-widget_type="image.default">
				<div class="elementor-widget-container">
															<img fetchpriority="high" decoding="async" width="1024" height="264" src="https://raum-fuer-koerperarbeit.de/wp-content/uploads/2024/10/BackgroundAUSSCHNITT-1-1024x264.webp" class="attachment-large size-large wp-image-134" alt="" srcset="https://raum-fuer-koerperarbeit.de/wp-content/uploads/2024/10/BackgroundAUSSCHNITT-1-1024x264.webp 1024w, https://raum-fuer-koerperarbeit.de/wp-content/uploads/2024/10/BackgroundAUSSCHNITT-1-300x77.webp 300w, https://raum-fuer-koerperarbeit.de/wp-content/uploads/2024/10/BackgroundAUSSCHNITT-1-768x198.webp 768w, https://raum-fuer-koerperarbeit.de/wp-content/uploads/2024/10/BackgroundAUSSCHNITT-1-1536x396.webp 1536w, https://raum-fuer-koerperarbeit.de/wp-content/uploads/2024/10/BackgroundAUSSCHNITT-1.webp 1645w" sizes="(max-width: 1024px) 100vw, 1024px" />															</div>
				</div>
					</div>
				</div>
		<div class="elementor-element elementor-element-3b408aa e-grid e-con-full e-con e-parent" data-id="3b408aa" data-element_type="container" data-e-type="container">
				<div class="elementor-element elementor-element-fa5c3af elementor-widget elementor-widget-text-editor" data-id="fa5c3af" data-element_type="widget" data-e-type="widget" data-widget_type="text-editor.default">
				<div class="elementor-widget-container">
									<ul><li>Sängerin und Gesangspädagogin (2002 Diplom an der Hochschule für Musik &#8218;Hanns Eisler&#8216; Berlin); freiberuflich</li><li>2006 &#8211; 2012 Ausbildung und Arbeit in/mit der Grinberg Methode in Berlin</li><li>2012 prozessorientierte Körperarbeit/ Körpertherapie</li><li>Weiterbildungen in verschiedenen Körperarbeitstechniken und Therapieansätzen</li><li>2013 Heilpraktiker für Psychotherapie in Berlin</li><li>2014 Shiatsu (Ausbildung am Europäischen Shiatsu Institut Berlin, ESI)</li><li>2016 &#8211; 2020 Lehrerin am ESI Berlin (psychologisches Grundwissen für Körperarbeit, ab 2018 Shiatsu)</li><li>2017 Baby- und Kindershiatsu (Aceki e.V.)</li><li>2022-2023 Heilerausbildung </li></ul>								</div>
				</div>
				<div class="elementor-element elementor-element-5980778 elementor-widget elementor-widget-image" data-id="5980778" data-element_type="widget" data-e-type="widget" data-widget_type="image.default">
				<div class="elementor-widget-container">
															<img decoding="async" width="381" height="310" src="https://raum-fuer-koerperarbeit.de/wp-content/uploads/2024/10/KathrinLivland.webp" class="attachment-large size-large wp-image-96" alt="" srcset="https://raum-fuer-koerperarbeit.de/wp-content/uploads/2024/10/KathrinLivland.webp 381w, https://raum-fuer-koerperarbeit.de/wp-content/uploads/2024/10/KathrinLivland-300x244.webp 300w" sizes="(max-width: 381px) 100vw, 381px" />															</div>
				</div>
				</div>
				</div>

<p>Sängerin und Gesangspädagogin (2002 Diplom an der Hochschule für Musik &#8218;Hanns Eisler&#8216; Berlin); freiberuflich 2006 &#8211; 2012 Ausbildung und Arbeit [&hellip;]</p>
